oes 2551 divide 1012305677?
True
Is 25 a factor of 598561136?
False
Is 34874472 a multiple of 172?
False
Is 233 a factor of 340360808?
True
Is 1684 a factor of 2942415?
False
Does 20 divide 148348180?
True
Does 41 divide 47171894?
True
Is 21 a factor of 9482928?
True
Does 309 divide 192047547?
False
Is 45183132 a multiple of 246?
False
Is 88 a factor of 766365974?
False
Is 69388532 a multiple of 361?
True
Does 26 divide 1308299850?
True
Is 39746775 a multiple of 15?
True
Is 41165167 a multiple of 179?
True
Is 273 a factor of 104078520?
True
Is 2691555881 a multiple of 16?
False
Is 121 a factor of 826054471?
False
Does 355 divide 1272702278?
False
Is 71 a factor of 183013622?
False
Is 49 a factor of 29423275?
True
Is 7395 a factor of 513535114?
False
Is 2086119 a multiple of 9?
True
Is 48262046 a multiple of 7?
True
Is 1822507 a multiple of 50?
False
Does 10 divide 26857553?
False
Is 524484870 a multiple of 6?
True
Is 76 a factor of 720996344?
True
Is 2 a factor of 644370?
True
Does 7 divide 12657869?
True
Is 6966871 a multiple of 125?
False
Is 18499261 a multiple of 100?
False
Is 176113448 a multiple of 49?
True
Does 40 divide 130438440?
True
Is 4 a factor of 2815893504?
True
Is 210493556 a multiple of 14?
True
Is 2697020132 a multiple of 10?
False
Is 89 a factor of 25644638?
True
Is 15 a factor of 220752373?
False
Does 285 divide 3760005846?
False
Is 29 a factor of 1470793?
True
Is 758418199 a multiple of 7?
True
Is 6 a factor of 29753736?
True
Is 1655 a factor of 211906200?
True
Is 6440 a factor of 1766905056?
False
Is 29 a factor of 17250276?
False
Does 215 divide 46894285?
False
Is 328 a factor of 1830976384?
False
Is 562 a factor of 197409312?
False
Does 280 divide 60385595?
False
Is 178 a factor of 114603976?
False
Does 110 divide 41569550?
True
Is 13 a factor of 271172392?
False
Is 178046359 a multiple of 383?
True
Does 14 divide 1571501428?
True
Is 411393972 a multiple of 786?
True
Does 21 divide 1046046393?
True
Is 2800 a factor of 65191046?
False
Is 4 a factor of 5665715?
False
Is 9 a factor of 2638844613?
True
Is 169 a factor of 3351500357?
False
Is 23823307 a multiple of 133?
False
Does 15 divide 5138162190?
True
Does 6 divide 22972142?
False
Does 68 divide 2699800413?
False
Is 13092 a factor of 2711369830?
False
Is 10721457 a multiple of 479?
True
Is 510 a factor of 520606106?
False
Is 39330698 a multiple of 649?
True
Is 1109 a factor of 52821809?
False
Is 1515 a factor of 131437374?
False
Is 846 a factor of 2157038445?
False
Does 100 divide 115067700?
True
Is 142821900 a multiple of 260?
True
Is 38 a factor of 136579372?
True
Is 227879570 a multiple of 2186?
True
Does 82 divide 1766936?
True
Is 3 a factor of 21637170?
True
Is 862061094 a multiple of 151?
False
Does 55 divide 78491604?
False
Is 1995 a factor of 67947209?
False
Does 5 divide 373786525?
True
Does 197 divide 261941310?
False
Is 333701677 a multiple of 101?
True
Does 22 divide 198609202?
True
Is 4 a factor of 408677815?
False
Is 54 a factor of 40340106?
True
Does 10 divide 8394530?
True
Is 3652 a factor of 196879320?
True
Does 15 divide 5080290?
True
Is 40311492 a multiple of 337?
False
Is 5 a factor of 32747910?
True
Is 1781 a factor of 37963145?
False
Is 2843 a factor of 49493255?
False
Is 32170566 a multiple of 29?
False
Does 17 divide 1224986?
True
Does 190 divide 91381217?
False
Is 4855026480 a multiple of 15?
True
Is 11066874 a multiple of 6?
True
Does 570 divide 435729090?
True
Does 5971 divide 4553741353?
True
Is 3919 a factor of 1246724037?
True
Is 641578100 a multiple of 23?
True
Does 13 divide 130820794?
True
Is 260 a factor of 61384370?
False
Does 473 divide 2438042310?
False
Is 9082359 a multiple of 33?
True
Does 90 divide 6552036?
False
Is 1402996 a multiple of 89?
True
Is 38713735 a multiple of 19?
True
Is 7269522 a multiple of 12?
False
Is 15529861 a multiple of 179?
True
Does 2056 divide 71573472?
True
Is 732864447 a multiple of 21?
True
Does 12 divide 1618279944?
True
Is 71 a factor of 1324363?
True
Is 109513512 a multiple of 58?
True
Is 536 a factor of 18969576?
True
Is 216 a factor of 29393712?
True
Is 5904530 a multiple of 109?
True
Is 196 a factor of 24821297?
False
Does 12 divide 930062541?
False
Does 57 divide 6673617?
True
Is 51207840 a multiple of 11?
False
Does 564 divide 6106428?
True
Is 31 a factor of 196328797?
True
Is 2994908103 a multiple of 99?
True
Is 109763710 a multiple of 172?
False
Is 142751997 a multiple of 351?
False
Is 85318152 a multiple of 37?
True
Is 17 a factor of 198874734?
False
Is 79 a factor of 2487357?
False
Is 265504028 a multiple of 45?
False
Does 2382 divide 134531308?
False
Is 26345019 even?
False
Is 36880113 a multiple of 32?
False
Is 28 a factor of 416497648?
True
Is 1061 a factor of 2602103561?
True
Does 105 divide 15148349?
False
Is 357 a factor of 260256927?
True
Is 97617688 a multiple of 264?
False
Is 12 a factor of 134034840?
True
Is 1460 a factor of 112722220?
True
Does 140 divide 62529978?
False
Is 36202333 a multiple of 501?
False
Is 384 a factor of 2174672360?
False
Is 7639412 a multiple of 319?
True
Is 5745730 a multiple of 106?
True
Does 24 divide 283765944?
True
Does 34 divide 220716572?
False
Does 18 divide 133531848?
True
Is 4663269771 a multiple of 489?
True
Is 226 a factor of 1373190187?
False
Is 669958234 a multiple of 365?
False
Does 6 divide 1484162400?
True
Is 2337709095 a multiple of 9?
True
Is 178 a factor of 615775514?
True
Is 1086 a factor of 68631942?
True
Is 76 a factor of 7497552?
True
Is 1083955152 a multiple of 14?
True
Is 25 a factor of 37378313?
False
Does 365 divide 608299875?
True
Is 669940626 a multiple of 521?
False
Is 8 a factor of 343979184?
True
Does 52 divide 78974948?
True
Does 2211 divide 549528573?
True
Is 301 a factor of 368010125?
True
Does 1388 divide 159328520?
True
Does 13 divide 18873088?
True
Is 123359323 a multiple of 31?
True
Does 71 divide 31106804?
True
Is 58 a factor of 475297994?
True
Is 21 a factor of 9455334?
True
Is 58 a factor of 55626720?
False
Does 11 divide 165349822?
True
Is 76 a factor of 55058173?
False
Is 2 a factor of 771465?
False
Is 2361 a factor of 63713480?
False
Is 2111925 a multiple of 29?
True
Is 92530698 a multiple of 294?
False
Does 4599 divide 186427262?
False
Does 442 divide 1373650188?
False
Is 153488880 a multiple of 2088?
True
Does 37 divide 139021834?
False
Is 489 a factor of 258566574?
True
Does 33 divide 45195942?
True
Is 57383300 a multiple of 1850?
True
Is 562110310 a multiple of 10?
True
Does 202 divide 689030080?
True
Is 18 a factor of 8786263?
False
Is 231 a factor of 117941964?
False
Is 1519838643 a multiple of 3326?
False
Is 28 a factor of 775892152?
True
Does 1558 divide 2382437213?
False
Is 49525520 a multiple of 415?
False
Does 2511 divide 42039162?
True
Does 3226 divide 319520144?
False
Does 1198 divide 55936380?
False
Is 85112048 a multiple of 17?
False
Is 32611140 a multiple of 1179?
True
Does 11 divide 176640783?
True
Does 2 divide 1319907?
False
Does 865 divide 4673084?
False
Is 2 a factor of 438977?
False
Is 2671709400 a multiple of 600?
True
Does 98 divide 2526146?
True
Is 2495 a factor of 184928114?
False
Is 83845363 a multiple of 331?
False
Is 4 a factor of 441062?
False
Does 40 divide 50767440?
True
Is 1023096 a multiple of 141?
True
Is 149 a factor of 1825241358?
True
Does 26 divide 1272440884?
True
Is 6 a factor of 180415446?
True
Does 12 divide 1527893060?
False
Is 79 a factor of 20186712?
True
Is 1318401185 a multiple of 12?
False
Does 383 divide 772366609?
True
Is 8021235 a multiple of 661?
True
Does 45 divide 8558775?
True
Is 620365109 a multiple of 237?
False
Is 958 a factor of 12502269?
False
Is 154 a factor of 1233474242?
True
Is 2469 a factor of 1756984842?
True
Does 3295 divide 25866649?
False
Is 1298136686 a multiple of 11?
True
Is 10985852 a multiple of 123?
False
Is 119383240 a multiple of 89?
False
Is 28778575 a multiple of 38?
False
Is 2495382 a multiple of 178?
True
Is 54135529 a multiple of 78?
False
Is 89723610 a multiple of 518?
False
Does 22 divide 69949047?
False
Does 296 divide 52978672?
True
Does 830 divide 2382748456?
False
Is 150 a factor of 49018620?
False
Is 449186876 a multiple of 1196?
False
Does 72 divide 1396411056?
True
Is 72415185 a multiple of 2311?
True
Is 12514454 a mul